y 777.
746
What is the remainder when 143835 is divided by 35956?
11
What is the remainder when 34038 is divided by 296?
294
Calculate the remainder when 15007 is divided by 112.
111
Calculate the remainder when 37265 is divided by 303.
299
Calculate the remainder when 5206 is divided by 1590.
436
Calculate the remainder when 13335 is divided by 830.
55
What is the remainder when 252122 is divided by 252119?
3
Calculate the remainder when 74350 is divided by 14861.
45
What is the remainder when 1057 is divided by 437?
183
Calculate the remainder when 2644991 is divided by 287.
286
Calculate the remainder when 112190 is divided by 838.
736
What is the remainder when 11706 is divided by 1070?
1006
What is the remainder when 129423 is divided by 11?
8
Calculate the remainder when 1268084 is divided by 181.
179
What is the remainder when 4183 is divided by 40?
23
What is the remainder when 5940 is divided by 691?
412
What is the remainder when 1257 is divided by 6?
3
What is the remainder when 45143 is divided by 1256?
1183
What is the remainder when 243085 is divided by 49?
45
What is the remainder when 216802 is divided by 14?
12
What is the remainder when 12761 is divided by 111?
107
What is the remainder when 569 is divided by 34?
25
Calculate the remainder when 3365 is divided by 416.
37
Calculate the remainder when 982 is divided by 364.
254
What is the remainder when 1598327 is divided by 49?
45
What is the remainder when 5149 is divided by 206?
205
Calculate the remainder when 1206617 is divided by 29.
14
What is the remainder when 11803 is divided by 420?
43
What is the remainder when 2446 is divided by 2444?
2
What is the remainder when 3382 is divided by 417?
46
What is the remainder when 25527 is divided by 392?
47
What is the remainder when 51386 is divided by 140?
6
What is the remainder when 5015 is divided by 84?
59
Calculate the remainder when 1984 is divided by 151.
21
What is the remainder when 8479 is divided by 185?
154
What is the remainder when 149638 is divided by 49878?
4
Calculate the remainder when 2717 is divided by 106.
67
What is the remainder when 2567 is divided by 215?
202
Calculate the remainder when 812 is divided by 511.
301
What is the remainder when 14152 is divided by 1761?
64
What is the remainder when 231690 is divided by 1609?
1603
Calculate the remainder when 161969 is divided by 30.
29
Calculate the remainder when 1888 is divided by 501.
385
What is the remainder when 1615 is divided by 467?
214
What is the remainder when 84043 is divided by 2401?
8
What is the remainder when 1971 is divided by 8?
3
Calculate the remainder when 545899 is divided by 408.
403
What is the remainder when 1090 is divided by 157?
148
Calculate the remainder when 9950 is divided by 263.
219
Calculate the remainder when 67859 is divided by 22616.
11
What is the remainder when 337669 is divided by 9?
7
Calculate the remainder when 12872 is divided by 4258.
98
What is the remainder when 13744 is divided by 1716?
16
Calculate the remainder when 33401 is divided by 92.
5
What is the remainder when 37824 is divided by 81?
78
Calculate the remainder when 633 is divided by 63.
3
Calculate the remainder when 3405 is divided by 1482.
441
Calculate the remainder when 9638 is divided by 567.
566
What is the remainder when 648 is divided by 92?
4
What is the remainder when 28394 is divided by 715?
509
Calculate the remainder when 8012 is divided by 24.
20
What is the remainder when 344661 is divided by 351?
330
Calculate the remainder when 27967 is divided by 38.
37
What is the remainder when 94981 is divided by 103?
15
Calculate the remainder when 1662 is divided by 338.
310
What is the remainder when 236158 is divided by 1243?
1231
Calculate the remainder when 3968 is divided by 26.
16
What is the remainder when 1910 is divided by 149?
122
What is the remainder when 81410 is divided by 20315?
150
What is the remainder when 239641 is divided by 724?
721
Calculate the remainder when 321077 is divided by 10.
7
Calculate the remainder when 53430 is divided by 292.
286
Calculate the remainder when 1458719 is divided by 90.
89
Calculate the remainder when 3826 is divided by 639.
631
Calculate the remainder when 64450 is divided by 74.
70
What is the remainder when 25406 is divided by 250?
156
Calculate the remainder when 651128 is divided by 190.
188
Calculate the remainder when 2198729 is divided by 30.
29
What is the remainder when 153428 is divided by 335?
333
Calculate the remainder when 7947 is divided by 1584.
27
Calculate the remainder when 5953 is divided by 36.
13
Calculate the remainder when 49552 is divided by 1377.
1357
Calculate the remainder when 397717 is divided by 40.
37
What is the remainder when 12775 is divided by 394?
167
What is the remainder when 109208 is divided by 12131?
29
Calculate the remainder when 81961 is divided by 31.
28
What is the remainder when 475 is divided by 418?
57
Calculate the remainder when 42107 is divided by 69.
17
What is the remainder when 46138 is divided by 652?
498
What is the remainder when 1602 is divided by 1371?
231
Calculate the remainder when 583568 is divided by 25.
18
What is the remainder when 46844 is divided by 118?
116
What is the remainder when 15152 is divided by 250?
152
Calculate the remainder when 9295 is divided by 542.
81
Calculate the remainder when 2818321 is divided by 21.
16
What is the remainder when 93583 is divided by 3011?
242
Calculate the remainder when 28659 is divided by 5731.
4
Calculate the remainder when 10341 is divided by 59.
16
What is the remainder when 76264 is divided by 54?
16
What is the remainder when 79250 is divided by 26407?
29
What is the remainder when 605 is divided by 383?
222
What is the remainder when 89088 is divided by 41?
36
Calculate the remainder when 281 is divided by 15.
11
Calculate the remainder when 3397 is divided by 127.
95
What is the remainder when 56756 is divided by 121?
7
What is the remainder when 9915 is divided by 455?
360
Calculate the remainder when 12254 is divided by 1748.
18
What is the remainder when 1435 is divided by 66?
49
What is the remainder when 216410 is divided by 1016?
2
What is the remainder when 183161 is divided by 267?
266
Calculate the remainder when 223590 is divided by 74529.
3
What is the remainder when 94847 is divided by 589?
18
Calculate the remainder when 1568 is divided by 264.
248
Calculate the remainder when 609 is divided by 599.
10
What is the remainder when 4132 is divided by 88?
84
What is the remainder when 49616 is divided by 49589?
27
What is the remainder when 693254 is divided by 15?
14
What is the remainder when 668 is divided by 59?
19
Calculate the remainder when 9205 is divided by 815.
240
Calculate the remainder when 649214 is divided by 64.
62
Calculate the remainder when 330940 is divided by 4189.
9
What is the remainder when 7282 is divided by 17?
6
Calculate the remainder when 744 is divided by 338.
68
Calculate the remainder when 4128 is divided by 4062.
66
What is the remainder when 3052 is divided by 303?
22
What is the remainder when 18544 is divided by 33?
31
What is the remainder when 45423 is divided by 3781?
51
What is the remainder when 194577 is divided by 200?
177
Calculate the remainder when 1074 is divided by 871.
203
What is the remainder when 59939 is divided by 97?
90
Calculate the remainder when 46283 is divided by 11560.
43
Calculate the remainder when 4569 is divided by 124.
105
Calculate the remainder when 42665 is divided by 405.
140
What is the remainder when 10717 is divided by 62?
53
Calculate the remainder when 1653 is divided by 1486.
167
What is the remainder when 76055 is divided by 25349?
8
Calculate the remainder when 4052 is divided by 1113.
713
Calculate the remainder when 164829 is divided by 10.
9
Calculate the remainder when 214418 is divided by 8.
2
What is the remainder when 20188 is divided by 77?
14
Calculate the remainder when 27750 is divided by 117.
21
Calculate the remainder when 93560 is divided by 31168.
56
Calculate the remainder when 28439 is divided by 224.
215
What is the remainder when 13585 is divided by 122?
43
What is the remainder when 2007 is divided by 10?
7
What is the remainder when 1408 is divided by 688?
32
Wha